s 12 a factor of 3921?
False
Is 11 a factor of 1012?
True
Is 17 a factor of 879?
False
Does 3 divide 100?
False
Is 728 a multiple of 56?
True
Is 16 a factor of 639?
False
Is 37 a factor of 2756?
False
Is 21427 a multiple of 34?
False
Is 186 a factor of 14694?
True
Is 5 a factor of 6245?
True
Is 66 a factor of 52399?
False
Is 18 a factor of 1048?
False
Is 15876 a multiple of 18?
True
Is 5565 a multiple of 105?
True
Is 6624 a multiple of 96?
True
Is 65 a factor of 16315?
True
Does 9 divide 738?
True
Is 7125 a multiple of 15?
True
Does 368 divide 147449?
False
Is 83 a factor of 6569?
False
Is 158 a factor of 1106?
True
Is 2508 a multiple of 16?
False
Is 46 a factor of 69482?
False
Is 8293 a multiple of 6?
False
Does 65 divide 4745?
True
Does 8 divide 5216?
True
Is 874 a multiple of 23?
True
Is 9 a factor of 86364?
True
Is 537 a multiple of 21?
False
Is 312 a multiple of 13?
True
Does 12 divide 252?
True
Is 42 a factor of 6510?
True
Is 750 a multiple of 51?
False
Does 54 divide 1824?
False
Is 1231 a multiple of 44?
False
Does 7 divide 1026?
False
Is 141 a factor of 89594?
False
Is 13 a factor of 4680?
True
Does 176 divide 101728?
True
Does 12 divide 4902?
False
Is 16 a factor of 67008?
True
Is 26 a factor of 3432?
True
Is 1117 a multiple of 12?
False
Does 13 divide 15024?
False
Is 2066 a multiple of 6?
False
Is 81 a factor of 7371?
True
Does 62 divide 1767?
False
Does 67 divide 1308?
False
Is 11 a factor of 1561?
False
Does 15 divide 2625?
True
Is 11 a factor of 52459?
True
Is 6 a factor of 8373?
False
Does 92 divide 4508?
True
Is 120 a multiple of 6?
True
Is 43 a factor of 472?
False
Is 16 a factor of 128?
True
Is 15922 a multiple of 82?
False
Is 544 a multiple of 34?
True
Does 28 divide 1652?
True
Does 21 divide 31962?
True
Is 113 a factor of 9266?
True
Does 79 divide 55654?
False
Is 8199 a multiple of 3?
True
Is 12 a factor of 432?
True
Is 1423 a multiple of 78?
False
Is 40978 a multiple of 224?
False
Is 39 a factor of 2613?
True
Is 22 a factor of 1187?
False
Is 5 a factor of 1348?
False
Is 2 a factor of 7835?
False
Is 1279 a multiple of 3?
False
Does 14 divide 59?
False
Does 16 divide 934?
False
Is 67 a factor of 4221?
True
Is 1728 a multiple of 108?
True
Does 45 divide 98955?
True
Does 17 divide 352?
False
Does 29 divide 2233?
True
Is 27 a factor of 89613?
True
Does 74 divide 2294?
True
Is 62 a factor of 6988?
False
Is 39 a factor of 7257?
False
Is 13 a factor of 729?
False
Is 10 a factor of 3700?
True
Does 58 divide 2494?
True
Does 5 divide 272?
False
Is 6 a factor of 60538?
False
Is 24 a factor of 4248?
True
Is 39 a factor of 1575?
False
Does 37 divide 1887?
True
Is 36061 a multiple of 6?
False
Is 6594 a multiple of 6?
True
Does 125 divide 11250?
True
Is 10935 a multiple of 135?
True
Does 15 divide 6458?
False
Is 122747 a multiple of 12?
False
Does 12 divide 8100?
True
Is 259 a multiple of 7?
True
Does 70 divide 1060?
False
Is 6 a factor of 293?
False
Is 63 a factor of 819?
True
Is 10850 a multiple of 126?
False
Does 38 divide 55626?
False
Does 277 divide 5263?
True
Does 54 divide 7376?
False
Does 13 divide 424?
False
Does 36 divide 1008?
True
Is 2137 a multiple of 73?
False
Is 17 a factor of 19883?
False
Is 23818 a multiple of 11?
False
Does 10 divide 243?
False
Is 14260 a multiple of 10?
True
Is 276 a multiple of 7?
False
Is 33 a multiple of 15?
False
Is 41 a factor of 15489?
False
Does 6 divide 582?
True
Does 20 divide 150?
False
Does 70 divide 7420?
True
Does 13 divide 9806?
False
Is 30 a factor of 990?
True
Does 48 divide 5232?
True
Is 54 a factor of 1515?
False
Is 71 a factor of 10082?
True
Does 32 divide 96763?
False
Does 60 divide 1020?
True
Is 30323 a multiple of 104?
False
Is 2 a factor of 395?
False
Does 6 divide 193?
False
Is 2 a factor of 165?
False
Does 34 divide 8257?
False
Is 5115 a multiple of 55?
True
Is 5520 a multiple of 60?
True
Is 18693 a multiple of 15?
False
Does 41 divide 34030?
True
Is 198 a multiple of 13?
False
Is 80620 a multiple of 50?
False
Is 21 a factor of 1239?
True
Does 5 divide 1165?
True
Does 16 divide 7344?
True
Does 21 divide 168?
True
Is 1220 a multiple of 5?
True
Is 2756 a multiple of 10?
False
Is 19417 a multiple of 160?
False
Is 15 a factor of 1755?
True
Does 6 divide 354?
True
Does 8 divide 2512?
True
Does 380 divide 42940?
True
Is 5 a factor of 7988?
False
Is 40349 a multiple of 18?
False
Is 5472 a multiple of 24?
True
Is 9 even?
False
Is 43 a factor of 89504?
False
Is 16 a factor of 1024?
True
Is 17 even?
False
Is 30 a factor of 11362?
False
Is 126 a multiple of 19?
False
Is 534 a multiple of 8?
False
Does 52 divide 1820?
True
Is 10 a factor of 3101?
False
Is 13 a factor of 5742?
False
Is 20 a factor of 128580?
True
Is 124 a factor of 9116?
False
Is 20721 a multiple of 15?
False
Is 609 a multiple of 29?
True
Is 11 a factor of 17303?
True
Is 42 a factor of 604?
False
Is 1152 a multiple of 44?
False
Is 2134 a multiple of 11?
True
Does 2 divide 7020?
True
Is 4 a factor of 252?
True
Is 2369 a multiple of 40?
False
Is 45755 a multiple of 25?
False
Does 7 divide 5311?
False
Does 9 divide 1611?
True
Does 32 divide 862?
False
Is 3 a factor of 78?
True
Does 192 divide 92160?
True
Is 36948 a multiple of 70?
False
Does 12 divide 2551?
False
Is 25 a factor of 50?
True
Is 59114 a multiple of 11?
True
Does 41 divide 562?
False
Does 15 divide 90?
True
Does 16 divide 2079?
False
Is 266 a factor of 112252?
True
Is 176 a multiple of 3?
False
Does 62 divide 31207?
False
Does 13 divide 3680?
False
Does 5 divide 30500?
True
Is 92984 a multiple of 394?
True
Does 67 divide 815?
False
Is 41 a factor of 11229?
False
Is 74 a factor of 4218?
True
Does 20 divide 3224?
False
Is 18514 a multiple of 41?
False
Is 25255 a multiple of 197?
False
Is 5 a factor of 257?
False
Does 30 divide 12660?
True
Is 16 a factor of 704?
True
Is 3 a factor of 64?
False
Is 34 a factor of 2040?
True
Is 20 a factor of 54931?
False
Is 62 a factor of 1116?
True
Does 13 divide 18382?
True
Is 70 a multiple of 14?
True
Is 74 a multiple of 14?
False
Does 34 divide 12899?
False
Is 36 a multiple of 3?
True
Does 20 divide 1680?
True
Does 40 divide 35309?
False
Is 4 a factor of 140?
True
Is 94 a factor of 3008?
True
Does 90 divide 630?
True
Is 12274 a multiple of 52?
False
Is 18 a factor of 3242?
False
Is 21472 a multiple of 176?
True
Does 105 divide 34755?
True
Is 14 a factor of 1526?
True
Does 30 divide 720?
True
Does 210 divide 17430?
True
Does 5 divide 641?
False
Is 4 a factor of 3051?
False
Is 44 a factor of 17292?
True
Is 4 a factor of 9665?
False
Is 26136 a multiple of 36?
True
Is 8 a factor of 191?
False
Is 277 a multiple of 9?
False
Is 14 a factor of 384?
False
Does 42 divide 28434?
True
Is 90 a factor of 1260?
True
Does 8 divide 23985?
False
Is 600 a multiple of 30?
True
Is 6921 a multiple of 23?
False
Is 2205 a multiple of 63?
True
Is 10700 a multiple of 12?
False
Is 63 a factor of 495?
False
Is 1181 a multiple of 20?
False
Is 79 a factor of 5372?
True
Does 72 divide 4999?
False
Is 201 a multiple of 7?
False
Is 812 a multiple of 5?
False
Is 37 a factor of 3885?
True
Does 4 divide 2464?
True
Does 10 divide 85?
False
Does 9 divide 243?
True
Is 562 a multiple of 7?
False
Is 224 a factor of 70521?
False
Is 6 a factor of 33974?
False
Is 10 a factor of 24977?
False
Does 11 divide 748?
True
Is 30 a factor of 1410?
True
Is 32 a factor of 2590?
False
Is 10 a factor of 60?
True
Is 71 a factor of 787?
False
Is 1955 a multiple of 3?
False
Is 57 a factor of 1041?
False
Does 149 divide 10195?
False
Is 7200 a multiple of 25?
True
Is 17 a factor of 66028?
True
Is 7210 a multiple of 17?
False
Does 11 divide 773?
False
Does 5 divide 899?
False
Is 21 a factor of 42?
True
Is 49 a factor of 12299?
True
Is 6906 a multiple of 41?
False
Does 30 divide 1650?
True
Does 40 divide 52798?
False
Does 51 divide 399?
False
Is 62 a factor of 11820?
False
Is 1980 a multiple of 44?
True
Is 270 a multiple of 39?
False
Is 901 a multiple of 52?
False
Does 3 divide 645?
True
Is 812 a multiple of 14?
True
Is 19 a factor of 14687?
True
Is 4171 a multiple of 24?
False
Does 12 divide 21373?
False
Is 6 a factor of 2562?
True
Does 46 divide 644?
True
Is 65 a factor of 3845?
False
Is 3993 a multiple of 11?
True
Does 7 divide 192?
False
Is 16436 a multiple of 14?
True
Does 11 divide 7731